Dec 01 09:24:53.277 INFO testing mhishami/task1 against master#8940af3cea4a9a9deabcaf843b2f8cad9a83fc61 for beta-1.31-5
Dec 01 09:24:53.277 INFO running `"docker" "create" "-v" "/mnt/big/crater/work/local/target-dirs/beta-1.31-5/worker-6/master#8940af3cea4a9a9deabcaf843b2f8cad9a83fc61:/target:rw,Z" "-v" "/mnt/big/crater/work/local/test-source/worker-6/beta-1.31-5/master#8940af3cea4a9a9deabcaf843b2f8cad9a83fc61:/source:ro,Z" "-v" "/mnt/big/crater/work/local/cargo-home:/cargo-home:ro,Z" "-v" "/mnt/big/crater/work/local/rustup-home:/rustup-home:ro,Z" "-e" "USER_ID=1000" "-e" "SOURCE_DIR=/source" "-e" "USER_ID=1000" "-e" "CMD=cargo +8940af3cea4a9a9deabcaf843b2f8cad9a83fc61-alt build --frozen" "-e" "CARGO_TARGET_DIR=/target" "-e" "CARGO_INCREMENTAL=0" "-e" "RUST_BACKTRACE=full" "-e" "RUSTFLAGS=--cap-lints=warn" "-e" "CARGO_HOME=/cargo-home" "-e" "RUSTUP_HOME=/rustup-home" "-m" "1536M" "--network" "none" "crater"`
Dec 01 09:24:53.931 INFO [stdout] 965ebabe180fedc6fa65cd4add398d3638581df36b1c5a09accbcc2475210e7d
Dec 01 09:24:53.933 INFO running `"docker" "start" "-a" "965ebabe180fedc6fa65cd4add398d3638581df36b1c5a09accbcc2475210e7d"`
Dec 01 09:24:55.190 INFO [stderr] usermod: no changes
Dec 01 09:24:55.495 INFO [stderr]    Compiling memchr v2.1.0
Dec 01 09:24:55.503 INFO [stderr]    Compiling pear_codegen v0.0.20
Dec 01 09:24:55.503 INFO [stderr]    Compiling rocket v0.3.16
Dec 01 09:24:55.503 INFO [stderr]    Compiling rocket_codegen v0.3.16
Dec 01 09:24:55.503 INFO [stderr]    Compiling tokio-timer v0.2.6
Dec 01 09:24:55.507 INFO [stderr]    Compiling tokio-current-thread v0.1.1
Dec 01 09:24:55.511 INFO [stderr]    Compiling clap v2.27.1
Dec 01 09:24:55.519 INFO [stderr]    Compiling tokio-codec v0.1.0
Dec 01 09:24:55.931 INFO [stderr] error: failed to run custom build command for `rocket_codegen v0.3.16`
Dec 01 09:24:55.931 INFO [stderr] process didn't exit successfully: `/target/debug/build/rocket_codegen-4a5b65214453c03c/build-script-build` (exit code: 101)
Dec 01 09:24:55.931 INFO [stderr] --- stderr
Dec 01 09:24:55.931 INFO [stderr] [1;31mError:[0m [37mRocket requires a nightly or dev version of Rust.[0m
Dec 01 09:24:55.931 INFO [stderr] [37mInstalled version is:[0m [33m1.31.0-beta.20 (2018-11-30)[0m. [37mMinimum required:[0m [33m1.30.0-nightly (2018-08-23)[0m.
Dec 01 09:24:55.931 INFO [stderr] [34mSee the getting started guide ([0m[37mhttps://rocket.rs/guide/getting-started/[0m[34m) for more information.[0m
Dec 01 09:24:55.931 INFO [stderr] thread 'main' panicked at 'Aborting compilation due to incompatible compiler.', /cargo-home/registry/src/github.com-1ecc6299db9ec823/rocket_codegen-0.3.16/build.rs:38:17
Dec 01 09:24:55.931 INFO [stderr] stack backtrace:
Dec 01 09:24:55.931 INFO [stderr]    0:     0x561c9f38c32f - std::sys::unix::backtrace::tracing::imp::unwind_backtrace::h3a8b83e1922cbdde
Dec 01 09:24:55.931 INFO [stderr]                                at libstd/sys/unix/backtrace/tracing/gcc_s.rs:49
Dec 01 09:24:55.931 INFO [stderr]    1:     0x561c9f397d07 - std::sys_common::backtrace::print::h00d3155a29b4020f
Dec 01 09:24:55.931 INFO [stderr]                                at libstd/sys_common/backtrace.rs:71
Dec 01 09:24:55.931 INFO [stderr]                                at libstd/sys_common/backtrace.rs:59
Dec 01 09:24:55.931 INFO [stderr]    2:     0x561c9f390bcf - std::panicking::default_hook::{{closure}}::hd7465c742e79e1bb
Dec 01 09:24:55.931 INFO [stderr]                                at libstd/panicking.rs:211
Dec 01 09:24:55.931 INFO [stderr]    3:     0x561c9f390934 - std::panicking::default_hook::h9e3966f2aa2a6e12
Dec 01 09:24:55.931 INFO [stderr]                                at libstd/panicking.rs:227
Dec 01 09:24:55.931 INFO [stderr]    4:     0x561c9f3911fe - std::panicking::rust_panic_with_hook::h587f091ae747d080
Dec 01 09:24:55.931 INFO [stderr]                                at libstd/panicking.rs:476
Dec 01 09:24:55.931 INFO [stderr]    5:     0x561c9f363ab3 - std::panicking::begin_panic::h637cf6c246413594
Dec 01 09:24:55.931 INFO [stderr]                                at libstd/panicking.rs:410
Dec 01 09:24:55.931 INFO [stderr]    6:     0x561c9f361b84 - build_script_build::main::h2c72fd58a9234470
Dec 01 09:24:55.931 INFO [stderr]                                at /cargo-home/registry/src/github.com-1ecc6299db9ec823/rocket_codegen-0.3.16/build.rs:38
Dec 01 09:24:55.931 INFO [stderr]    7:     0x561c9f36439f - std::rt::lang_start::{{closure}}::hfe557982ab535bc0
Dec 01 09:24:55.931 INFO [stderr]                                at libstd/rt.rs:74
Dec 01 09:24:55.931 INFO [stderr]    8:     0x561c9f390c72 - std::panicking::try::do_call::h52e7f80ff0fdcc45
Dec 01 09:24:55.931 INFO [stderr]                                at libstd/rt.rs:59
Dec 01 09:24:55.931 INFO [stderr]                                at libstd/panicking.rs:310
Dec 01 09:24:55.931 INFO [stderr]    9:     0x561c9f3a2cb9 - __rust_maybe_catch_panic
Dec 01 09:24:55.931 INFO [stderr]                                at libpanic_unwind/lib.rs:102
Dec 01 09:24:55.931 INFO [stderr]   10:     0x561c9f38098a - std::rt::lang_start_internal::h38cae898de7f805c
Dec 01 09:24:55.931 INFO [stderr]                                at libstd/panicking.rs:289
Dec 01 09:24:55.931 INFO [stderr]                                at libstd/panic.rs:392
Dec 01 09:24:55.931 INFO [stderr]                                at libstd/rt.rs:58
Dec 01 09:24:55.931 INFO [stderr]   11:     0x561c9f364378 - std::rt::lang_start::h04f69d23836a7815
Dec 01 09:24:55.931 INFO [stderr]                                at libstd/rt.rs:74
Dec 01 09:24:55.931 INFO [stderr]   12:     0x561c9f362a49 - main
Dec 01 09:24:55.931 INFO [stderr]   13:     0x7f841827d82f - __libc_start_main
Dec 01 09:24:55.931 INFO [stderr]   14:     0x561c9f361228 - _start
Dec 01 09:24:55.931 INFO [stderr]   15:                0x0 - <unknown>
Dec 01 09:24:55.931 INFO [stderr] 
Dec 01 09:24:55.931 INFO [stderr] warning: build failed, waiting for other jobs to finish...
Dec 01 09:24:55.979 INFO [stderr] error: failed to run custom build command for `pear_codegen v0.0.20`
Dec 01 09:24:55.979 INFO [stderr] process didn't exit successfully: `/target/debug/build/pear_codegen-9ebbb5de437ff65a/build-script-build` (exit code: 101)
Dec 01 09:24:55.979 INFO [stderr] --- stderr
Dec 01 09:24:55.979 INFO [stderr] [1;31mError:[0m [37mPear requires a nightly or dev version of Rust.[0m
Dec 01 09:24:55.979 INFO [stderr] [37mInstalled version is:[0m [33m1.31.0-beta.20 (2018-11-30)[0m. [37mMinimum required:[0m [33m1.30.0-nightly (2018-08-23)[0m.
Dec 01 09:24:55.979 INFO [stderr] thread 'main' panicked at 'Aborting compilation due to incompatible compiler.', /cargo-home/registry/src/github.com-1ecc6299db9ec823/pear_codegen-0.0.20/build.rs:31:13
Dec 01 09:24:55.979 INFO [stderr] stack backtrace:
Dec 01 09:24:55.979 INFO [stderr]    0:     0x560c1fe3f0ff - std::sys::unix::backtrace::tracing::imp::unwind_backtrace::h3a8b83e1922cbdde
Dec 01 09:24:55.979 INFO [stderr]                                at libstd/sys/unix/backtrace/tracing/gcc_s.rs:49
Dec 01 09:24:55.979 INFO [stderr]    1:     0x560c1fe4aad7 - std::sys_common::backtrace::print::h00d3155a29b4020f
Dec 01 09:24:55.979 INFO [stderr]                                at libstd/sys_common/backtrace.rs:71
Dec 01 09:24:55.979 INFO [stderr]                                at libstd/sys_common/backtrace.rs:59
Dec 01 09:24:55.979 INFO [stderr]    2:     0x560c1fe4399f - std::panicking::default_hook::{{closure}}::hd7465c742e79e1bb
Dec 01 09:24:55.979 INFO [stderr]                                at libstd/panicking.rs:211
Dec 01 09:24:55.979 INFO [stderr]    3:     0x560c1fe43704 - std::panicking::default_hook::h9e3966f2aa2a6e12
Dec 01 09:24:55.979 INFO [stderr]                                at libstd/panicking.rs:227
Dec 01 09:24:55.979 INFO [stderr]    4:     0x560c1fe43fce - std::panicking::rust_panic_with_hook::h587f091ae747d080
Dec 01 09:24:55.979 INFO [stderr]                                at libstd/panicking.rs:476
Dec 01 09:24:55.979 INFO [stderr]    5:     0x560c1fe16883 - std::panicking::begin_panic::h03cdb516ffc5f784
Dec 01 09:24:55.979 INFO [stderr]                                at libstd/panicking.rs:410
Dec 01 09:24:55.979 INFO [stderr]    6:     0x560c1fe14948 - build_script_build::main::h36944a4e267b7477
Dec 01 09:24:55.979 INFO [stderr]                                at /cargo-home/registry/src/github.com-1ecc6299db9ec823/pear_codegen-0.0.20/build.rs:31
Dec 01 09:24:55.979 INFO [stderr]    7:     0x560c1fe1716f - std::rt::lang_start::{{closure}}::h5e49a6fd7616e446
Dec 01 09:24:55.979 INFO [stderr]                                at libstd/rt.rs:74
Dec 01 09:24:55.979 INFO [stderr]    8:     0x560c1fe43a42 - std::panicking::try::do_call::h52e7f80ff0fdcc45
Dec 01 09:24:55.979 INFO [stderr]                                at libstd/rt.rs:59
Dec 01 09:24:55.979 INFO [stderr]                                at libstd/panicking.rs:310
Dec 01 09:24:55.979 INFO [stderr]    9:     0x560c1fe55a89 - __rust_maybe_catch_panic
Dec 01 09:24:55.979 INFO [stderr]                                at libpanic_unwind/lib.rs:102
Dec 01 09:24:55.979 INFO [stderr]   10:     0x560c1fe3375a - std::rt::lang_start_internal::h38cae898de7f805c
Dec 01 09:24:55.979 INFO [stderr]                                at libstd/panicking.rs:289
Dec 01 09:24:55.979 INFO [stderr]                                at libstd/panic.rs:392
Dec 01 09:24:55.979 INFO [stderr]                                at libstd/rt.rs:58
Dec 01 09:24:55.979 INFO [stderr]   11:     0x560c1fe17148 - std::rt::lang_start::hf3588cfe9ea8870a
Dec 01 09:24:55.979 INFO [stderr]                                at libstd/rt.rs:74
Dec 01 09:24:55.979 INFO [stderr]   12:     0x560c1fe15819 - main
Dec 01 09:24:55.979 INFO [stderr]   13:     0x7f354c80782f - __libc_start_main
Dec 01 09:24:55.979 INFO [stderr]   14:     0x560c1fe14228 - _start
Dec 01 09:24:55.979 INFO [stderr]   15:                0x0 - <unknown>
Dec 01 09:24:55.979 INFO [stderr] 
Dec 01 09:24:55.979 INFO [stderr] warning: build failed, waiting for other jobs to finish...
Dec 01 09:24:55.999 INFO [stderr] error: failed to run custom build command for `rocket v0.3.16`
Dec 01 09:24:55.999 INFO [stderr] process didn't exit successfully: `/target/debug/build/rocket-e8632d5f710e389a/build-script-build` (exit code: 101)
Dec 01 09:24:55.999 INFO [stderr] --- stderr
Dec 01 09:24:55.999 INFO [stderr] [1;31mError:[0m [37mRocket requires a nightly or dev version of Rust.[0m
Dec 01 09:24:55.999 INFO [stderr] [37mInstalled version is:[0m [33m1.31.0-beta.20 (2018-11-30)[0m. [37mMinimum required:[0m [33m1.27.0-nightly (2018-04-26)[0m.
Dec 01 09:24:55.999 INFO [stderr] [34mSee the getting started guide ([0m[37mhttps://rocket.rs/guide/getting-started/[0m[34m) for more information.[0m
Dec 01 09:24:55.999 INFO [stderr] thread 'main' panicked at 'Aborting compilation due to incompatible compiler.', /cargo-home/registry/src/github.com-1ecc6299db9ec823/rocket-0.3.16/build.rs:38:13
Dec 01 09:24:55.999 INFO [stderr] stack backtrace:
Dec 01 09:24:55.999 INFO [stderr]    0:     0x55fcf953e33f - std::sys::unix::backtrace::tracing::imp::unwind_backtrace::h3a8b83e1922cbdde
Dec 01 09:24:55.999 INFO [stderr]                                at libstd/sys/unix/backtrace/tracing/gcc_s.rs:49
Dec 01 09:24:55.999 INFO [stderr]    1:     0x55fcf9549d17 - std::sys_common::backtrace::print::h00d3155a29b4020f
Dec 01 09:24:55.999 INFO [stderr]                                at libstd/sys_common/backtrace.rs:71
Dec 01 09:24:55.999 INFO [stderr]                                at libstd/sys_common/backtrace.rs:59
Dec 01 09:24:55.999 INFO [stderr]    2:     0x55fcf9542bdf - std::panicking::default_hook::{{closure}}::hd7465c742e79e1bb
Dec 01 09:24:55.999 INFO [stderr]                                at libstd/panicking.rs:211
Dec 01 09:24:55.999 INFO [stderr]    3:     0x55fcf9542944 - std::panicking::default_hook::h9e3966f2aa2a6e12
Dec 01 09:24:55.999 INFO [stderr]                                at libstd/panicking.rs:227
Dec 01 09:24:55.999 INFO [stderr]    4:     0x55fcf954320e - std::panicking::rust_panic_with_hook::h587f091ae747d080
Dec 01 09:24:55.999 INFO [stderr]                                at libstd/panicking.rs:476
Dec 01 09:24:55.999 INFO [stderr]    5:     0x55fcf9515ac3 - std::panicking::begin_panic::h185025b8b4804e9b
Dec 01 09:24:55.999 INFO [stderr]                                at libstd/panicking.rs:410
Dec 01 09:24:55.999 INFO [stderr]    6:     0x55fcf9513b85 - build_script_build::main::h4284e4a3a8df7e1b
Dec 01 09:24:55.999 INFO [stderr]                                at /cargo-home/registry/src/github.com-1ecc6299db9ec823/rocket-0.3.16/build.rs:38
Dec 01 09:24:55.999 INFO [stderr]    7:     0x55fcf95163af - std::rt::lang_start::{{closure}}::ha0df32a52ba7057e
Dec 01 09:24:55.999 INFO [stderr]                                at libstd/rt.rs:74
Dec 01 09:24:55.999 INFO [stderr]    8:     0x55fcf9542c82 - std::panicking::try::do_call::h52e7f80ff0fdcc45
Dec 01 09:24:56.000 INFO [stderr]                                at libstd/rt.rs:59
Dec 01 09:24:56.000 INFO [stderr]                                at libstd/panicking.rs:310
Dec 01 09:24:56.000 INFO [stderr]    9:     0x55fcf9554cc9 - __rust_maybe_catch_panic
Dec 01 09:24:56.000 INFO [stderr]                                at libpanic_unwind/lib.rs:102
Dec 01 09:24:56.000 INFO [stderr]   10:     0x55fcf953299a - std::rt::lang_start_internal::h38cae898de7f805c
Dec 01 09:24:56.000 INFO [stderr]                                at libstd/panicking.rs:289
Dec 01 09:24:56.000 INFO [stderr]                                at libstd/panic.rs:392
Dec 01 09:24:56.000 INFO [stderr]                                at libstd/rt.rs:58
Dec 01 09:24:56.000 INFO [stderr]   11:     0x55fcf9516388 - std::rt::lang_start::h3f68170055a70037
Dec 01 09:24:56.000 INFO [stderr]                                at libstd/rt.rs:74
Dec 01 09:24:56.000 INFO [stderr]   12:     0x55fcf9514a59 - main
Dec 01 09:24:56.000 INFO [stderr]   13:     0x7f1fab3e982f - __libc_start_main
Dec 01 09:24:56.000 INFO [stderr]   14:     0x55fcf9513228 - _start
Dec 01 09:24:56.000 INFO [stderr]   15:                0x0 - <unknown>
Dec 01 09:24:56.000 INFO [stderr] 
Dec 01 09:24:56.000 INFO [stderr] warning: build failed, waiting for other jobs to finish...
Dec 01 09:25:29.905 INFO [stderr] error: build failed
Dec 01 09:25:29.909 INFO [stderr] su: No module specific data is present
Dec 01 09:25:31.071 INFO running `"docker" "inspect" "965ebabe180fedc6fa65cd4add398d3638581df36b1c5a09accbcc2475210e7d"`
Dec 01 09:25:31.361 INFO running `"docker" "rm" "-f" "965ebabe180fedc6fa65cd4add398d3638581df36b1c5a09accbcc2475210e7d"`
Dec 01 09:25:31.699 INFO [stdout] 965ebabe180fedc6fa65cd4add398d3638581df36b1c5a09accbcc2475210e7d
